et s(f) = 28*f - 50. Let l(h) = -5*s(h) - 4*y(h). Is l(-20) prime?
False
Suppose i + 77458 = 5*v - 0*i, 0 = i - 2. Suppose 0 = 5*m + j - 65248, 2*m - v = -5*j + 10621. Is m prime?
True
Is ((-8)/5)/8 - ((-2183454)/45 - 6) a prime number?
True
Let i = 219547 + 151324. Is i composite?
False
Let h(r) = -110943*r - 1087. Is h(-10) a prime number?
False
Let t = -159 + 165. Suppose 4*h = -3*u + 363, -415 = -5*h + t*u - 2*u. Is h prime?
False
Let d(a) = 4*a + 10. Let l be d(-2). Suppose -b - 63961 = -5*u + l*b, -2*b = 4. Is u prime?
True
Let y = 243031 + -110334. Is y a composite number?
False
Suppose 0 = 9876*c - 9888*c + 413988. Is c composite?
False
Suppose 0 = -32*t + 30*t + 12596. Suppose 3*f - 13023 + 439 = -4*y, 0 = -2*y - 3*f + t. Is y composite?
True
Let x(s) = 2*s**3 - 78*s**2 + 51*s - 21. Let d(k) = 5*k**3 - 6*k + 12. Let v be d(2). Is x(v) prime?
False
Suppose -6*h = -33 + 9. Let c(s) = 6*s + 36. Let m be c(-6). Is (m - (2 + 2))/(h/(-746)) a composite number?
True
Suppose 5*a - 4*q - 13 = -2*q, 0 = 5*a + 4*q - 19. Suppose l - v = 2*l - 10975, -3*l = -a*v - 32949. Suppose 17*o - 15218 = l. Is o composite?
True
Let y = -457712 - -671685. Is y a prime number?
True
Let r(t) = -1139*t**2 + 2*t + 5. Let k be r(2). Is 3/9*-3*k a prime number?
True
Let o = -106 - -109. Suppose -95 = 4*p - o*s, 11 + 9 = -2*p - 4*s. Let y = 1215 + p. Is y composite?
True
Let d(b) = 670*b + 2527. Is d(11) a composite number?
True
Let y(s) = s**2 + 952. Let p be y(0). Let l = -44 - -1515. Suppose -5*x + l = -3*v, -4*x + p + 222 = -v. Is x prime?
True
Let d be 3 + (-7)/2 - (-350)/28. Is (63/42)/(d/126872) composite?
False
Suppose 1007745 = 5*f - 2*d, 160072 = f + d - 41470. Is f a composite number?
False
Let s(u) = -4502*u + 9. Let f be s(-3). Suppose -f = -p - 4*l + 6*l, 4*p - 3*l = 54065. Is p a prime number?
False
Let q be -3 + (1 - 5) + 99. Let t be (3/(-4))/(q/(-32) - -3). Let b(c) = -43*c - 5. Is b(t) prime?
False
Let y be 462*(2/14)/(20/120). Is (-88)/y - 1498/(-18) a composite number?
False
Suppose 16*k = -0*k. Is 5108 + (k/(-2) - 3) composite?
True
Let p(a) = a - 5 + 149*a + 85*a - 9. Let m be p(-5). Let s = m - -2550. Is s a prime number?
True
Let y(f) = 9788*f - 6. Let s be y(1). Suppose 6*d - s = 8452. Is d prime?
False
Let o(w) = -w**3 + 23*w**2 - 18*w - 29. Let x be o(22). Let d = -57 + x. Let g(r) = 3*r**3 - 2*r**2 + 5*r - 5. Is g(d) a prime number?
False
Let n(z) = z**2 + 3*z - 1. Let v be n(2). Let w be v/15*((-3 - 1) + 3309). Suppose -7*h + 3*h = 5*l - w, 3*l = 3*h + 1179. Is l a prime number?
False
Suppose -23*w - 2998 = 1050. Suppose 0 = 4*c - 0*c + 1268. Let k = w - c. Is k a prime number?
False
Let w = 20997 + 20680. Is w composite?
True
Let q = 886 + -236. Let r = -501 + q. Is r prime?
True
Let f(x) = -6492*x + 34. Let m be f(9). Let w = m - -23006. Is 6/(-15) + w/(-20) composite?
True
Suppose 18 = -g + 4*g. Let a = 4 - g. Is 187/(-1 - -2) + a prime?
False
Suppose 4*m - 922878 = -2*s, 0 = 14*m - 13*m - 5*s - 230714. Is m a prime number?
True
Let y be 1 - (-10190)/2 - 2. Suppose -14*o + 16*o = y. Suppose -5*l - 6009 = -4*x, -2*x + 451 = 4*l - o. Is x a prime number?
False
Suppose -861 = -26*z + 5*z. Suppose -43*n + z*n = -14738. Is n composite?
False
Let c = 2174 - -28057. Suppose 3*w = -6*w + c. Is w a prime number?
True
Suppose 0 = -2*s + 11802 + 22540. Suppose 6*p = -p + s. Is p a composite number?
True
Let s(t) = -13*t**3 - 4*t**2 - 6*t - 7. Suppose 2*f - 4*x = -x - 12, 5*f + 9 = -3*x. Let k be s(f). Suppose p + k = 3*p. Is p composite?
False
Suppose -2*d = 4*u - 70622, 0 = 293*u - 297*u - 5*d + 70601. Is u a composite number?
False
Let w = 22760 + -15973. Is w composite?
True
Let j = 15379 - -262561. Suppose 26*g - 6*g = j. Is g prime?
False
Suppose -3*y + 2 + 8 = 5*p, 0 = 4*y. Is 190/(-57)*(-2559)/p composite?
True
Is -15 + 2004/132 + (-2029707)/(-11) a prime number?
False
Let h(v) = 24*v**2 - 64*v + 657. Is h(50) a prime number?
True
Suppose -42*n + 43*n - 4*p - 34087 = 0, -p = 4*n - 136246. Is n composite?
True
Suppose 2*u - 45 = 27. Let o be u/21 - (-4)/14. Is 1/o - 1/(8/(-21220)) composite?
True
Suppose -2*q - 223365 = -5*t - 0*q, -223385 = -5*t - 2*q. Suppose -t = 5*j - 10*j. Is j a prime number?
False
Suppose q = -0 - 6. Let v be 11/(-33) + 2/q*-25. Is ((-1)/(v/(-12)))/(3/586) composite?
False
Let v = 85 + -67. Let c be 0 + (-20642)/v + (-22)/99. Let g = c + 3176. Is g prime?
True
Suppose -3*u + 4*y + 391123 = 0, -3*u - 521456 = -7*u - 5*y. Is u a prime number?
True
Let x(v) = -5*v + 40. Let b be x(8). Suppose b = 3*m + 5*m - 16. Is 2*m + (-1254)/(-11) a prime number?
False
Let n be ((-5)/2)/((-14)/56). Is ((-1)/(-3))/(n/61590) a composite number?
False
Let x be (-1 + 4/2)*(1 - 1). Suppose x*f + f = w + 5, -4*f = w - 10. Suppose -q + 145 = -4*g, 0 = f*q + 2*g - 0*g - 491. Is q composite?
True
Let h = -73 + 78. Suppose -11*n + 15*n = 2012. Suppose -5*c + 1539 = -2*u, -h*c + 3*u + n = -1038. Is c a composite number?
False
Let u(y) = -2*y**3 + 12*y**2 - 15*y + 1. Let q be u(4). Suppose 2*m - 12 = -4*b, -q*b + 12 = -4*m - 3. Suppose 32*k - 37*k + 24815 = m. Is k a prime number?
False
Let a be (-57)/95 - (-98166)/15*4. Let v = a - 15142. Is v a prime number?
False
Suppose 0 = -4*a - 24*a - 251300. Let c = -1936 - a. Is c a prime number?
True
Let u = 70719 - 43214. Is u a composite number?
True
Suppose 570087 = 4*g - 4*s - 78145, 3*s + 810280 = 5*g. Is g composite?
False
Suppose -5*w + 4*w - 58 = -2*p, 4*p + 3*w = 106. Is 2/14 - (-6 - 12344/p) prime?
False
Let r be (-3)/9 + 1128/(-18). Let w = 59 + r. Is (807/w)/((-27)/72) composite?
True
Is ((-2)/(-2) + -186)*(-53483)/3385 a prime number?
False
Let z(g) = 2655*g**2 + 20*g - 73. Is z(4) composite?
False
Suppose 9*m - 13*m = a - 22193, 3*a + 4*m = 66571. Is a a composite number?
False
Is (-2931522)/132*2*-1 composite?
False
Let d(y) = -y**2 + 2*y - 3. Let x be d(3). Let z(b) = -b**2 - 11*b - 26. Let k be z(x). Suppose -5*j = -k*j - 1801. Is j a prime number?
True
Suppose 5*c = -4*m + 562523, -m + 23*c = 28*c - 140642. Is m composite?
False
Let m(p) = -197*p**3 - 4*p**2 - 3*p - 3. Let d be m(-4). Suppose -h = -3*i + d, -5059 = -i - 4*h - 879. Suppose -3*l = -5*v + i, -21 + 6 = 5*l. Is v prime?
False
Let c be 7/2*168/147. Suppose 0*z = 5*q - c*z - 3935, 3*q = 4*z + 2361. Is q prime?
True
Suppose 145*q - 8136 = 148*q. Let h = 77 - q. Is h prime?
True
Is (-1100274)/(-198) + -18 + (-2)/(-33) a composite number?
True
Let r be (-2*1 + 13)*97. Suppose -40*y = -3*y - 26640. Let f = r - y. Is f prime?
True
Let o(x) = -x**3 - 7*x**2 + 43*x - 116. Is o(-21) prime?
False
Let j(r) = r**2 - 19*r + 80. Let v be j(6). Suppose 2*f + 2*x + 3463 = 3*f, -v*x = 6. Is f prime?
True
Let c(w) = 24*w**2 + 7*w - 5. Let q be c(4). Let h = q + 8720. Is h a composite number?
False
Suppose -23*g + 12351245 = 5090812. Is g prime?
True
Let q = 405106 + -279795. Is q a composite number?
False
Is 457452/84*22 + 5/35 a composite number?
False
Is 90/(-15) + 391766 + (4 - (-6 - -3)) composite?
True
Let k(y) = 4312*y + 613. Is k(3) a prime number?
False
Suppose 306 = -3*d + 303. Is (1 + 1)/(d*14/(-17465)) a composite number?
True
Let o(u) = -3*u**2 - u. Let h be o(-1). Let t be (0 + 3/h)*(-732)/9. Suppose -4*p + 1546 + t = 0. Is p a prime number?
False
Suppose -4*x = q - 1323806, 543615 = 2*x + 5*q - 118261. Is x composite?
True
Let z(m) = 7*m**2 + 8*m - 9. Let l be z(-7). Suppose l*c = 275*c + 6051. Is c composite?
False
Suppose 0 = 15*p - 12*p - 18. Let v be -3*(-3)/(-18) + 33/p. Suppose 6*m + 907 = y + m, -v*y - m = -4535. Is y a prime number?
True
Suppose -33*j = -44*j. Suppose 8*n + 2*c = 9*n - 1703, j = 4*n - 4*c - 6824. Is n a prime number?
True
Suppose -28*a + 194995 + 409693 = 0. Let o = -15201 + a. Is o composite?
True
Let o(z) = 87*z**2 + 2*z - 76. Is o(7) a prime number?
True
Let f = 95366 + -42319. Is f composite?
False
Let c(w) = 17211*w + 15416. Is c(67) composite?
False
Is (3307946/(-11))/((-184)/1012) a composite number?
False
Let i(u) = -u**3 + 13*u**2 - 23*u + 3. Let q be i(11). Let l(t) = 32*t**2 - 23*t - 13. Is l(q) a prime number?
False
Let k(t) = -t**2 - 12*t + 15. Let v be k(-13). Suppose 4*a - 435 = 3*a - 2*f, -3*a + 1305 = -3*f. Suppose -j - 5*c = -a + 3, -877 = -v*j + 3*c. Is j prime?
False
Suppose 